{"id":85,"date":"2018-11-29T13:47:56","date_gmt":"2018-11-29T13:47:56","guid":{"rendered":"http:\/\/ensenyament-aprenentatge-dig.recursos.uoc.edu\/ensenyar_i_aprendre_en_linia\/?page_id=85"},"modified":"2019-02-15T10:00:22","modified_gmt":"2019-02-15T10:00:22","slug":"4-3-mes-enlla-de-laula-laprenentatge-informal","status":"publish","type":"page","link":"http:\/\/ensenyament-aprenentatge-dig.recursos.uoc.edu\/teoria\/4-3-mes-enlla-de-laula-laprenentatge-informal\/","title":{"rendered":"4.3. M\u00e9s enll\u00e0 de l\u2019aula: l\u2019aprenentatge informal"},"content":{"rendered":"<p>Com hem vist, avui dia podem aprendre <em>anytime, anywhere, anyway<\/em>, \u00e9s a dir, a tothora, en qualsevol lloc i de m\u00faltiples maneres. Aix\u00ed, doncs, l\u2019aprenentatge depassa clarament les fronteres de les institucions educatives, de les aules tradicionals i dels campus virtuals, i veu multiplicades les modalitats i els escenaris.<\/p>\n<p>L\u2019evoluci\u00f3 de la tecnologia afavoreix i amplifica l\u2019<strong>aprenentatge informal <\/strong>(Fischer, 2000), aquell que es desenvolupa fora dels marcs convencionals de les institucions educatives i dels programes formatius estructurats. \u00c9s una activitat lliure, personal, sovint espont\u00e0nia i no planificada que, si b\u00e9 ha existit sempre, ara compta amb una infinitat de nous recursos i de canals.<\/p>\n","protected":false},"excerpt":{"rendered":"<p>Com hem vist, avui dia podem aprendre anytime, anywhere, anyway, \u00e9s a dir, a tothora, en qualsevol lloc i de m\u00faltiples maneres. Aix\u00ed, doncs, l\u2019aprenentatge depassa clarament les fronteres de les institucions educatives, de les aules tradicionals i dels campus virtuals, i veu multiplicades les modalitats i els escenaris. L\u2019evoluci\u00f3 de la tecnologia afavoreix i [&hellip;]<\/p>\n","protected":false},"author":1,"featured_media":0,"parent":0,"menu_order":17,"comment_status":"closed","ping_status":"closed","template":"","meta":[],"_links":{"self":[{"href":"http:\/\/ensenyament-aprenentatge-dig.recursos.uoc.edu\/teoria\/wp-json\/wp\/v2\/pages\/85"}],"collection":[{"href":"http:\/\/ensenyament-aprenentatge-dig.recursos.uoc.edu\/teoria\/wp-json\/wp\/v2\/pages"}],"about":[{"href":"http:\/\/ensenyament-aprenentatge-dig.recursos.uoc.edu\/teoria\/wp-json\/wp\/v2\/types\/page"}],"author":[{"embeddable":true,"href":"http:\/\/ensenyament-aprenentatge-dig.recursos.uoc.edu\/teoria\/wp-json\/wp\/v2\/users\/1"}],"replies":[{"embeddable":true,"href":"http:\/\/ensenyament-aprenentatge-dig.recursos.uoc.edu\/teoria\/wp-json\/wp\/v2\/comments?post=85"}],"version-history":[{"count":5,"href":"http:\/\/ensenyament-aprenentatge-dig.recursos.uoc.edu\/teoria\/wp-json\/wp\/v2\/pages\/85\/revisions"}],"predecessor-version":[{"id":461,"href":"http:\/\/ensenyament-aprenentatge-dig.recursos.uoc.edu\/teoria\/wp-json\/wp\/v2\/pages\/85\/revisions\/461"}],"wp:attachment":[{"href":"http:\/\/ensenyament-aprenentatge-dig.recursos.uoc.edu\/teoria\/wp-json\/wp\/v2\/media?parent=85"}],"curies":[{"name":"wp","href":"https:\/\/api.w.org\/{rel}","templated":true}]}}