{"id":56,"date":"2018-11-29T13:29:01","date_gmt":"2018-11-29T13:29:01","guid":{"rendered":"http:\/\/ensenyament-aprenentatge-dig.recursos.uoc.edu\/ensenyar_i_aprendre_en_linia\/?page_id=56"},"modified":"2018-12-11T15:12:47","modified_gmt":"2018-12-11T15:12:47","slug":"2-2-4-teories-sobre-laprenentatge","status":"publish","type":"page","link":"http:\/\/ensenyament-aprenentatge-dig.recursos.uoc.edu\/teoria\/2-2-4-teories-sobre-laprenentatge\/","title":{"rendered":"2.2.4. Teories sobre l\u2019aprenentatge"},"content":{"rendered":"<p>Molts dels paradigmes psicopedag\u00f2gics convencionals han esdevingut obsolets o tenen serioses dificultats per a entendre la gran quantitat de canvis que ocorren en el m\u00f3n educatiu i en la societat en general. Per a analitzar els canvis en els processos d\u2019ensenyament i aprenentatge en l\u2019era digital cal que ens plantegem <strong>nous interrogants <\/strong>i cerquem<strong> noves respostes<\/strong>.<\/p>\n<p>Aix\u00ed, els darrers anys s\u2019han desenvolupat <strong>noves perspectives <\/strong>i<strong> models te\u00f2rics<\/strong> per a analitzar els nous escenaris educatius i identificar les millors estrat\u00e8gies per a optimitzar els processos d\u2019ensenyament i aprenentatge en un context en transformaci\u00f3, ple de reptes i d\u2019oportunitats. En aquest sentit, destaca el <strong>connectivisme <\/strong>(Siemens, 2006), com una nova teoria de l\u2019aprenentatge que pret\u00e9n superar les limitacions dels anteriors paradigmes a l\u2019hora d\u2019explicar com aprenem en l\u2019era digital. Des d\u2019aquest marc te\u00f2ric es posa el focus en el paper clau de les xarxes i de les connexions a l\u2019hora de generar i distribuir el coneixement.<\/p>\n<p>Altres paradigmes, com ara el <strong>construccionisme<\/strong>, mantenen la seva vig\u00e8ncia, per\u00f2 s\u2019han hagut d\u2019esfor\u00e7ar a repensar i actualitzar alguns dels seus plantejaments per a donar resposta als nous interrogants i oportunitats, posant m\u00e9s l\u2019accent en la dimensi\u00f3 social de l\u2019aprenentatge. Aix\u00ed mateix, l\u2019<strong>interaccionisme simb\u00f2lic<\/strong>, que busca comprendre les relacions socials centrant-se en la comunicaci\u00f3 humana, guanya protagonisme en un moment en qu\u00e8 l\u2019aprenentatge succeeix, cada vegada m\u00e9s, per mitj\u00e0 de la interacci\u00f3 entre els usuaris i per les xarxes socials i altres entorns col\u00b7laboratius.<\/p>\n","protected":false},"excerpt":{"rendered":"<p>Molts dels paradigmes psicopedag\u00f2gics convencionals han esdevingut obsolets o tenen serioses dificultats per a entendre la gran quantitat de canvis que ocorren en el m\u00f3n educatiu i en la societat en general. Per a analitzar els canvis en els processos d\u2019ensenyament i aprenentatge en l\u2019era digital cal que ens plantegem nous interrogants i cerquem noves [&hellip;]<\/p>\n","protected":false},"author":1,"featured_media":0,"parent":0,"menu_order":7,"comment_status":"closed","ping_status":"closed","template":"","meta":[],"_links":{"self":[{"href":"http:\/\/ensenyament-aprenentatge-dig.recursos.uoc.edu\/teoria\/wp-json\/wp\/v2\/pages\/56"}],"collection":[{"href":"http:\/\/ensenyament-aprenentatge-dig.recursos.uoc.edu\/teoria\/wp-json\/wp\/v2\/pages"}],"about":[{"href":"http:\/\/ensenyament-aprenentatge-dig.recursos.uoc.edu\/teoria\/wp-json\/wp\/v2\/types\/page"}],"author":[{"embeddable":true,"href":"http:\/\/ensenyament-aprenentatge-dig.recursos.uoc.edu\/teoria\/wp-json\/wp\/v2\/users\/1"}],"replies":[{"embeddable":true,"href":"http:\/\/ensenyament-aprenentatge-dig.recursos.uoc.edu\/teoria\/wp-json\/wp\/v2\/comments?post=56"}],"version-history":[{"count":2,"href":"http:\/\/ensenyament-aprenentatge-dig.recursos.uoc.edu\/teoria\/wp-json\/wp\/v2\/pages\/56\/revisions"}],"predecessor-version":[{"id":408,"href":"http:\/\/ensenyament-aprenentatge-dig.recursos.uoc.edu\/teoria\/wp-json\/wp\/v2\/pages\/56\/revisions\/408"}],"wp:attachment":[{"href":"http:\/\/ensenyament-aprenentatge-dig.recursos.uoc.edu\/teoria\/wp-json\/wp\/v2\/media?parent=56"}],"curies":[{"name":"wp","href":"https:\/\/api.w.org\/{rel}","templated":true}]}}